{"id":428,"date":"2023-11-14T15:46:35","date_gmt":"2023-11-14T14:46:35","guid":{"rendered":"https:\/\/retina.mx\/?page_id=428"},"modified":"2023-12-04T23:28:14","modified_gmt":"2023-12-04T22:28:14","slug":"politica-de-privacidad","status":"publish","type":"page","link":"https:\/\/retina.mx\/index.php\/politica-de-privacidad\/","title":{"rendered":"Pol\u00edtica de Privacidad"},"content":{"rendered":"<style>.elementor-428 .elementor-element.elementor-element-201c6a4c:not(.elementor-motion-effects-element-type-background), .elementor-428 .elementor-element.elementor-element-201c6a4c > .elementor-motion-effects-container > .elementor-motion-effects-layer{background-color:transparent;background-image:linear-gradient(90deg, var( --e-global-color-text ) 0%, var( --e-global-color-primary ) 100%);}.elementor-428 .elementor-element.elementor-element-201c6a4c > .elementor-background-overlay{background-image:url(\"https:\/\/retina.mx\/wp-content\/uploads\/2023\/11\/group-of-men-meeting-in-creative-office-PPTWNJR.jpg\");background-position:center center;background-repeat:no-repeat;background-size:cover;opacity:0.3;transition:background 0.3s, border-radius 0.3s, opacity 0.3s;}.elementor-428 .elementor-element.elementor-element-201c6a4c{transition:background 0.3s, border 0.3s, border-radius 0.3s, box-shadow 0.3s;margin-top:-120px;margin-bottom:0px;padding:220px 0px 150px 0px;}.elementor-428 .elementor-element.elementor-element-201c6a4c > .elementor-shape-bottom svg{height:120px;transform:translateX(-50%) rotateY(180deg);}.elementor-428 .elementor-element.elementor-element-21137bff > .elementor-element-populated{border-style:solid;border-width:0px 1px 0px 0px;margin:0px 0px 0px 0px;--e-column-margin-right:0px;--e-column-margin-left:0px;padding:0px 0px 0px 30px;}.elementor-428 .elementor-element.elementor-element-3b4f370e > .elementor-element-populated{margin:0px 0px 0px 0px;--e-column-margin-right:0px;--e-column-margin-left:0px;padding:10px 30px 0px 50px;}.elementor-428 .elementor-element.elementor-element-6d08954f{transition:background 0.3s, border 0.3s, border-radius 0.3s, box-shadow 0.3s;margin-top:0px;margin-bottom:0px;padding:100px 0px 200px 0px;}.elementor-428 .elementor-element.elementor-element-6d08954f > .elementor-background-overlay{transition:background 0.3s, border-radius 0.3s, opacity 0.3s;}.elementor-428 .elementor-element.elementor-element-6d08954f > .elementor-shape-bottom .elementor-shape-fill{fill:var( --e-global-color-secondary );}.elementor-428 .elementor-element.elementor-element-6d08954f > .elementor-shape-bottom svg{height:120px;transform:translateX(-50%) rotateY(180deg);}.elementor-bc-flex-widget .elementor-428 .elementor-element.elementor-element-77cd1755.elementor-column .elementor-widget-wrap{align-items:center;}.elementor-428 .elementor-element.elementor-element-77cd1755.elementor-column.elementor-element[data-element_type=\"column\"] > .elementor-widget-wrap.elementor-element-populated{align-content:center;align-items:center;}.elementor-428 .elementor-element.elementor-element-77cd1755 > .elementor-widget-wrap > .elementor-widget:not(.elementor-widget__width-auto):not(.elementor-widget__width-initial):not(:last-child):not(.elementor-absolute){margin-block-end:0px;}.elementor-428 .elementor-element.elementor-element-77cd1755 > .elementor-element-populated{margin:0px 0px 0px 0px;--e-column-margin-right:0px;--e-column-margin-left:0px;padding:0px 50px 0px 0px;}.elementor-428 .elementor-element.elementor-element-7ae15d63 .elementor-heading-title{color:var( --e-global-color-secondary );}.elementor-428 .elementor-element.elementor-element-5a11dc76{--spacer-size:10px;}.elementor-428 .elementor-element.elementor-element-587cec8d .elementor-heading-title{color:var( --e-global-color-primary );}.elementor-428 .elementor-element.elementor-element-19c7cc69{--spacer-size:30px;}.elementor-428 .elementor-element.elementor-element-2dfd6aa{transition:background 0.3s, border 0.3s, border-radius 0.3s, box-shadow 0.3s;margin-top:0px;margin-bottom:0px;padding:100px 0px 200px 0px;}.elementor-428 .elementor-element.elementor-element-2dfd6aa > .elementor-background-overlay{transition:background 0.3s, border-radius 0.3s, opacity 0.3s;}.elementor-428 .elementor-element.elementor-element-2dfd6aa > .elementor-shape-bottom .elementor-shape-fill{fill:var( --e-global-color-secondary );}.elementor-428 .elementor-element.elementor-element-2dfd6aa > .elementor-shape-bottom svg{height:120px;transform:translateX(-50%) rotateY(180deg);}.elementor-bc-flex-widget .elementor-428 .elementor-element.elementor-element-dbbde18.elementor-column .elementor-widget-wrap{align-items:center;}.elementor-428 .elementor-element.elementor-element-dbbde18.elementor-column.elementor-element[data-element_type=\"column\"] > .elementor-widget-wrap.elementor-element-populated{align-content:center;align-items:center;}.elementor-428 .elementor-element.elementor-element-dbbde18 > .elementor-widget-wrap > .elementor-widget:not(.elementor-widget__width-auto):not(.elementor-widget__width-initial):not(:last-child):not(.elementor-absolute){margin-block-end:0px;}.elementor-428 .elementor-element.elementor-element-dbbde18 > .elementor-element-populated{margin:0px 0px 0px 0px;--e-column-margin-right:0px;--e-column-margin-left:0px;padding:0px 50px 0px 0px;}.elementor-428 .elementor-element.elementor-element-a12716a .elementor-heading-title{color:var( --e-global-color-secondary );}.elementor-428 .elementor-element.elementor-element-de3e954{--spacer-size:10px;}.elementor-428 .elementor-element.elementor-element-57c5805 .elementor-heading-title{color:var( --e-global-color-primary );}.elementor-428 .elementor-element.elementor-element-e6d4fed{--spacer-size:30px;}@media(max-width:1024px){.elementor-428 .elementor-element.elementor-element-201c6a4c > .elementor-shape-bottom svg{height:100px;}.elementor-428 .elementor-element.elementor-element-201c6a4c{margin-top:-80px;margin-bottom:0px;padding:180px 0px 120px 0px;}.elementor-bc-flex-widget .elementor-428 .elementor-element.elementor-element-21137bff.elementor-column .elementor-widget-wrap{align-items:center;}.elementor-428 .elementor-element.elementor-element-21137bff.elementor-column.elementor-element[data-element_type=\"column\"] > .elementor-widget-wrap.elementor-element-populated{align-content:center;align-items:center;}.elementor-428 .elementor-element.elementor-element-21137bff > .elementor-element-populated{padding:0px 0px 10px 30px;}.elementor-428 .elementor-element.elementor-element-3b4f370e > .elementor-element-populated{padding:15px 30px 0px 40px;}.elementor-428 .elementor-element.elementor-element-6d08954f > .elementor-shape-bottom svg{height:100px;}.elementor-428 .elementor-element.elementor-element-6d08954f{margin-top:0px;margin-bottom:0px;padding:80px 30px 80px 30px;}.elementor-428 .elementor-element.elementor-element-77cd1755 > .elementor-element-populated{padding:0px 40px 0px 0px;}.elementor-428 .elementor-element.elementor-element-2dfd6aa > .elementor-shape-bottom svg{height:100px;}.elementor-428 .elementor-element.elementor-element-2dfd6aa{margin-top:0px;margin-bottom:0px;padding:80px 30px 80px 30px;}.elementor-428 .elementor-element.elementor-element-dbbde18 > .elementor-element-populated{padding:0px 40px 0px 0px;}}@media(max-width:767px){.elementor-428 .elementor-element.elementor-element-201c6a4c > .elementor-shape-bottom svg{height:60px;}.elementor-428 .elementor-element.elementor-element-201c6a4c{padding:150px 0px 80px 0px;}.elementor-428 .elementor-element.elementor-element-21137bff > .elementor-element-populated{border-width:0px 0px 0px 0px;padding:0px 30px 0px 30px;}.elementor-428 .elementor-element.elementor-element-3b4f370e > .elementor-element-populated{padding:30px 30px 0px 30px;}.elementor-428 .elementor-element.elementor-element-6d08954f > .elementor-shape-bottom svg{height:60px;}.elementor-428 .elementor-element.elementor-element-6d08954f{margin-top:0px;margin-bottom:0px;padding:60px 0px 120px 0px;}.elementor-428 .elementor-element.elementor-element-77cd1755 > .elementor-element-populated{padding:0px 30px 0px 30px;}.elementor-428 .elementor-element.elementor-element-2dfd6aa > .elementor-shape-bottom svg{height:60px;}.elementor-428 .elementor-element.elementor-element-2dfd6aa{margin-top:0px;margin-bottom:0px;padding:60px 0px 120px 0px;}.elementor-428 .elementor-element.elementor-element-dbbde18 > .elementor-element-populated{padding:0px 30px 0px 30px;}}@media(min-width:768px){.elementor-428 .elementor-element.elementor-element-21137bff{width:55%;}.elementor-428 .elementor-element.elementor-element-3b4f370e{width:45%;}}@media(max-width:1024px) and (min-width:768px){.elementor-428 .elementor-element.elementor-element-21137bff{width:40%;}.elementor-428 .elementor-element.elementor-element-3b4f370e{width:60%;}}@media(min-width:1025px){.elementor-428 .elementor-element.elementor-element-201c6a4c > .elementor-background-overlay{background-attachment:fixed;}}<\/style>\t\t<div data-elementor-type=\"wp-page\" data-elementor-id=\"428\" class=\"elementor elementor-428\" data-elementor-post-type=\"page\">\n\t\t\t\t\t\t<section class=\"elementor-section elementor-top-section elementor-element elementor-element-201c6a4c elementor-section-boxed elementor-section-height-default elementor-section-height-default\" data-id=\"201c6a4c\" data-element_type=\"section\" data-e-type=\"section\" data-settings=\"{&quot;background_background&quot;:&quot;gradient&quot;,&quot;shape_divider_bottom&quot;:&quot;triangle-asymmetrical&quot;,&quot;shape_divider_bottom_negative&quot;:&quot;yes&quot;}\">\n\t\t\t\t\t\t\t<div class=\"elementor-background-overlay\"><\/div>\n\t\t\t\t\t\t<div class=\"elementor-shape elementor-shape-bottom\" aria-hidden=\"true\" data-negative=\"true\">\n\t\t\t<svg xmlns=\"http:\/\/www.w3.org\/2000\/svg\" viewBox=\"0 0 1000 100\" preserveAspectRatio=\"none\">\n\t<path class=\"elementor-shape-fill\" d=\"M737.9,94.7L0,0v100h1000V0L737.9,94.7z\"\/>\n<\/svg>\t\t<\/div>\n\t\t\t\t\t<div class=\"elementor-container elementor-column-gap-default\">\n\t\t\t\t\t<div class=\"elementor-column elementor-col-50 elementor-top-column elementor-element elementor-element-21137bff\" data-id=\"21137bff\" data-element_type=\"column\" data-e-type=\"column\">\n\t\t\t<div class=\"elementor-widget-wrap\">\n\t\t\t\t\t\t\t<\/div>\n\t\t<\/div>\n\t\t\t\t<div class=\"elementor-column elementor-col-50 elementor-top-column elementor-element elementor-element-3b4f370e\" data-id=\"3b4f370e\" data-element_type=\"column\" data-e-type=\"column\">\n\t\t\t<div class=\"elementor-widget-wrap\">\n\t\t\t\t\t\t\t<\/div>\n\t\t<\/div>\n\t\t\t\t\t<\/div>\n\t\t<\/section>\n\t\t\t\t<section class=\"elementor-section elementor-top-section elementor-element elementor-element-6d08954f elementor-section-boxed elementor-section-height-default elementor-section-height-default\" data-id=\"6d08954f\" data-element_type=\"section\" data-e-type=\"section\" data-settings=\"{&quot;background_background&quot;:&quot;classic&quot;,&quot;shape_divider_bottom&quot;:&quot;triangle-asymmetrical&quot;}\">\n\t\t\t\t\t<div class=\"elementor-shape elementor-shape-bottom\" aria-hidden=\"true\" data-negative=\"false\">\n\t\t\t<svg xmlns=\"http:\/\/www.w3.org\/2000\/svg\" viewBox=\"0 0 1000 100\" preserveAspectRatio=\"none\">\n\t<path class=\"elementor-shape-fill\" d=\"M738,99l262-93V0H0v5.6L738,99z\"\/>\n<\/svg>\t\t<\/div>\n\t\t\t\t\t<div class=\"elementor-container elementor-column-gap-default\">\n\t\t\t\t\t<div class=\"elementor-column elementor-col-100 elementor-top-column elementor-element elementor-element-77cd1755\" data-id=\"77cd1755\" data-element_type=\"column\" data-e-type=\"column\">\n\t\t\t<div class=\"elementor-widget-wrap elementor-element-populated\">\n\t\t\t\t\t\t<div class=\"elementor-element elementor-element-7ae15d63 elementor-widget elementor-widget-heading\" data-id=\"7ae15d63\" data-element_type=\"widget\" data-e-type=\"widget\" data-widget_type=\"heading.default\">\n\t\t\t\t<div class=\"elementor-widget-container\">\n\t\t\t\t\t<h6 class=\"elementor-heading-title elementor-size-default\">INSIDE STORY<\/h6>\t\t\t\t<\/div>\n\t\t\t\t<\/div>\n\t\t\t\t<div class=\"elementor-element elementor-element-5a11dc76 elementor-widget elementor-widget-spacer\" data-id=\"5a11dc76\" data-element_type=\"widget\" data-e-type=\"widget\" data-widget_type=\"spacer.default\">\n\t\t\t\t<div class=\"elementor-widget-container\">\n\t\t\t\t\t\t\t<div class=\"elementor-spacer\">\n\t\t\t<div class=\"elementor-spacer-inner\"><\/div>\n\t\t<\/div>\n\t\t\t\t\t\t<\/div>\n\t\t\t\t<\/div>\n\t\t\t\t<div class=\"elementor-element elementor-element-587cec8d elementor-widget elementor-widget-heading\" data-id=\"587cec8d\" data-element_type=\"widget\" data-e-type=\"widget\" data-widget_type=\"heading.default\">\n\t\t\t\t<div class=\"elementor-widget-container\">\n\t\t\t\t\t<h2 class=\"elementor-heading-title elementor-size-default\">Pol\u00edtica de Privacidad\n<\/h2>\t\t\t\t<\/div>\n\t\t\t\t<\/div>\n\t\t\t\t<div class=\"elementor-element elementor-element-19c7cc69 elementor-widget elementor-widget-spacer\" data-id=\"19c7cc69\" data-element_type=\"widget\" data-e-type=\"widget\" data-widget_type=\"spacer.default\">\n\t\t\t\t<div class=\"elementor-widget-container\">\n\t\t\t\t\t\t\t<div class=\"elementor-spacer\">\n\t\t\t<div class=\"elementor-spacer-inner\"><\/div>\n\t\t<\/div>\n\t\t\t\t\t\t<\/div>\n\t\t\t\t<\/div>\n\t\t\t\t<div class=\"elementor-element elementor-element-208a22c7 elementor-widget elementor-widget-text-editor\" data-id=\"208a22c7\" data-element_type=\"widget\" data-e-type=\"widget\" data-widget_type=\"text-editor.default\">\n\t\t\t\t<div class=\"elementor-widget-container\">\n\t\t\t\t\t\t\t\t\t<p>Esta Pol\u00edtica de Privacidad describe c\u00f3mo se recopilan, utilizan y protegen los datos personales proporcionados por los usuarios de nuestro sitio web, especialmente aquellos destinados a la programaci\u00f3n de citas. Al utilizar nuestros servicios, aceptas las pr\u00e1cticas descritas en esta pol\u00edtica.<\/p><ol><li><p><strong>Informaci\u00f3n Recopilada:<\/strong><\/p><ul><li>Recopilamos informaci\u00f3n necesaria para agendar citas, como nombre, direcci\u00f3n de correo electr\u00f3nico, n\u00famero de tel\u00e9fono y detalles m\u00e9dicos espec\u00edficos.<\/li><\/ul><\/li><li><p><strong>Uso de la Informaci\u00f3n:<\/strong><\/p><ul><li>La informaci\u00f3n recopilada se utiliza exclusivamente para facilitar la programaci\u00f3n de citas y proporcionar atenci\u00f3n m\u00e9dica adecuada.<\/li><li>No compartiremos la informaci\u00f3n personal con terceros sin su consentimiento, excepto cuando sea necesario para proporcionar servicios solicitados.<\/li><\/ul><\/li><li><p><strong>Protecci\u00f3n de la Informaci\u00f3n:<\/strong><\/p><ul><li>Implementamos medidas de seguridad para proteger la informaci\u00f3n personal contra accesos no autorizados o divulgaci\u00f3n.<\/li><\/ul><\/li><li><p><strong>Consentimiento:<\/strong><\/p><ul><li>Al proporcionar sus datos personales para agendar citas, usted otorga su consentimiento para el uso de esa informaci\u00f3n seg\u00fan lo descrito en esta pol\u00edtica.<\/li><\/ul><\/li><li><p><strong>Confidencialidad M\u00e9dica:<\/strong><\/p><ul><li>La informaci\u00f3n m\u00e9dica recopilada se trata con la m\u00e1xima confidencialidad y se comparte solo con el personal m\u00e9dico necesario para proporcionar atenci\u00f3n<\/li><\/ul><\/li><\/ol>\t\t\t\t\t\t\t\t<\/div>\n\t\t\t\t<\/div>\n\t\t\t\t\t<\/div>\n\t\t<\/div>\n\t\t\t\t\t<\/div>\n\t\t<\/section>\n\t\t\t\t<section class=\"elementor-section elementor-top-section elementor-element elementor-element-2dfd6aa elementor-section-boxed elementor-section-height-default elementor-section-height-default\" data-id=\"2dfd6aa\" data-element_type=\"section\" data-e-type=\"section\" data-settings=\"{&quot;background_background&quot;:&quot;classic&quot;,&quot;shape_divider_bottom&quot;:&quot;triangle-asymmetrical&quot;}\">\n\t\t\t\t\t<div class=\"elementor-shape elementor-shape-bottom\" aria-hidden=\"true\" data-negative=\"false\">\n\t\t\t<svg xmlns=\"http:\/\/www.w3.org\/2000\/svg\" viewBox=\"0 0 1000 100\" preserveAspectRatio=\"none\">\n\t<path class=\"elementor-shape-fill\" d=\"M738,99l262-93V0H0v5.6L738,99z\"\/>\n<\/svg>\t\t<\/div>\n\t\t\t\t\t<div class=\"elementor-container elementor-column-gap-default\">\n\t\t\t\t\t<div class=\"elementor-column elementor-col-100 elementor-top-column elementor-element elementor-element-dbbde18\" data-id=\"dbbde18\" data-element_type=\"column\" data-e-type=\"column\">\n\t\t\t<div class=\"elementor-widget-wrap elementor-element-populated\">\n\t\t\t\t\t\t<div class=\"elementor-element elementor-element-a12716a elementor-widget elementor-widget-heading\" data-id=\"a12716a\" data-element_type=\"widget\" data-e-type=\"widget\" data-widget_type=\"heading.default\">\n\t\t\t\t<div class=\"elementor-widget-container\">\n\t\t\t\t\t<h6 class=\"elementor-heading-title elementor-size-default\">INSIDE STORY<\/h6>\t\t\t\t<\/div>\n\t\t\t\t<\/div>\n\t\t\t\t<div class=\"elementor-element elementor-element-de3e954 elementor-widget elementor-widget-spacer\" data-id=\"de3e954\" data-element_type=\"widget\" data-e-type=\"widget\" data-widget_type=\"spacer.default\">\n\t\t\t\t<div class=\"elementor-widget-container\">\n\t\t\t\t\t\t\t<div class=\"elementor-spacer\">\n\t\t\t<div class=\"elementor-spacer-inner\"><\/div>\n\t\t<\/div>\n\t\t\t\t\t\t<\/div>\n\t\t\t\t<\/div>\n\t\t\t\t<div class=\"elementor-element elementor-element-57c5805 elementor-widget elementor-widget-heading\" data-id=\"57c5805\" data-element_type=\"widget\" data-e-type=\"widget\" data-widget_type=\"heading.default\">\n\t\t\t\t<div class=\"elementor-widget-container\">\n\t\t\t\t\t<h2 class=\"elementor-heading-title elementor-size-default\">T\u00e9rminos y Condiciones<\/h2>\t\t\t\t<\/div>\n\t\t\t\t<\/div>\n\t\t\t\t<div class=\"elementor-element elementor-element-e6d4fed elementor-widget elementor-widget-spacer\" data-id=\"e6d4fed\" data-element_type=\"widget\" data-e-type=\"widget\" data-widget_type=\"spacer.default\">\n\t\t\t\t<div class=\"elementor-widget-container\">\n\t\t\t\t\t\t\t<div class=\"elementor-spacer\">\n\t\t\t<div class=\"elementor-spacer-inner\"><\/div>\n\t\t<\/div>\n\t\t\t\t\t\t<\/div>\n\t\t\t\t<\/div>\n\t\t\t\t<div class=\"elementor-element elementor-element-0a78e57 elementor-widget elementor-widget-text-editor\" data-id=\"0a78e57\" data-element_type=\"widget\" data-e-type=\"widget\" data-widget_type=\"text-editor.default\">\n\t\t\t\t<div class=\"elementor-widget-container\">\n\t\t\t\t\t\t\t\t\t<p>Al utilizar nuestros servicios y agendar citas, acepta cumplir con los siguientes t\u00e9rminos y condiciones:<\/p><ol><li><p><strong>Informaci\u00f3n Precisa:<\/strong><\/p><ul><li>Usted se compromete a proporcionar informaci\u00f3n precisa y actualizada al programar citas a trav\u00e9s de nuestro sitio web.<\/li><\/ul><\/li><li><p><strong>Respeto del Horario:<\/strong><\/p><ul><li>Apreciamos su puntualidad y respeto por los horarios de cita establecidos. Si necesita cambiar o cancelar una cita, le solicitamos que nos notifique con anticipaci\u00f3n.<\/li><\/ul><\/li><li><p><strong>Responsabilidad:<\/strong><\/p><ul><li>La Doctora y su equipo no son responsables de situaciones derivadas de la informaci\u00f3n proporcionada de manera incorrecta o incompleta.<\/li><\/ul><\/li><li><p><strong>Modificaciones:<\/strong><\/p><ul><li>Nos reservamos el derecho de realizar cambios en el sitio web, incluidos los t\u00e9rminos y condiciones, en cualquier momento sin previo aviso.<\/li><\/ul><\/li><\/ol><p>Al utilizar nuestros servicios para agendar citas, usted acepta estos t\u00e9rminos y condiciones. Si no est\u00e1 de acuerdo con alguna parte, le recomendamos que no utilice nuestra plataforma de programaci\u00f3n en l\u00ednea.<\/p>\t\t\t\t\t\t\t\t<\/div>\n\t\t\t\t<\/div>\n\t\t\t\t\t<\/div>\n\t\t<\/div>\n\t\t\t\t\t<\/div>\n\t\t<\/section>\n\t\t\t\t<\/div>\n\t\t","protected":false},"excerpt":{"rendered":"<p>INSIDE STORY Pol\u00edtica de Privacidad Esta Pol\u00edtica de Privacidad describe c\u00f3mo se recopilan, utilizan y protegen los datos personales proporcionados por los usuarios de nuestro sitio web, especialmente aquellos destinados a la programaci\u00f3n de citas. Al utilizar nuestros servicios, aceptas las pr\u00e1cticas descritas en esta pol\u00edtica. Informaci\u00f3n Recopilada: Recopilamos informaci\u00f3n necesaria para agendar citas, como [&hellip;]<\/p>\n","protected":false},"author":1,"featured_media":0,"parent":0,"menu_order":0,"comment_status":"closed","ping_status":"closed","template":"","meta":{"footnotes":""},"class_list":["post-428","page","type-page","status-publish","hentry"],"_links":{"self":[{"href":"https:\/\/retina.mx\/index.php\/wp-json\/wp\/v2\/pages\/428","targetHints":{"allow":["GET"]}}],"collection":[{"href":"https:\/\/retina.mx\/index.php\/wp-json\/wp\/v2\/pages"}],"about":[{"href":"https:\/\/retina.mx\/index.php\/wp-json\/wp\/v2\/types\/page"}],"author":[{"embeddable":true,"href":"https:\/\/retina.mx\/index.php\/wp-json\/wp\/v2\/users\/1"}],"replies":[{"embeddable":true,"href":"https:\/\/retina.mx\/index.php\/wp-json\/wp\/v2\/comments?post=428"}],"version-history":[{"count":5,"href":"https:\/\/retina.mx\/index.php\/wp-json\/wp\/v2\/pages\/428\/revisions"}],"predecessor-version":[{"id":474,"href":"https:\/\/retina.mx\/index.php\/wp-json\/wp\/v2\/pages\/428\/revisions\/474"}],"wp:attachment":[{"href":"https:\/\/retina.mx\/index.php\/wp-json\/wp\/v2\/media?parent=428"}],"curies":[{"name":"wp","href":"https:\/\/api.w.org\/{rel}","templated":true}]}}